digit of 20002?
2
What is the units digit of 4052?
2
What is the hundreds digit of 5719?
7
What is the tens digit of 5689?
8
What is the units digit of 1943?
3
What is the hundreds digit of 628?
6
What is the thousands digit of 9789?
9
What is the units digit of 28216?
6
What is the thousands digit of 32694?
2
What is the hundreds digit of 490?
4
What is the units digit of 4865?
5
What is the hundreds digit of 1386?
3
What is the hundreds digit of 149?
1
What is the hundreds digit of 23419?
4
What is the units digit of 2816?
6
What is the ten thousands digit of 66719?
6
What is the thousands digit of 1303?
1
What is the hundreds digit of 14266?
2
What is the hundreds digit of 1349?
3
What is the units digit of 27966?
6
What is the units digit of 10555?
5
What is the tens digit of 1189?
8
What is the units digit of 30326?
6
What is the thousands digit of 5453?
5
What is the ten thousands digit of 40528?
4
What is the hundreds digit of 141?
1
What is the hundreds digit of 19113?
1
What is the units digit of 26214?
4
What is the units digit of 15888?
8
What is the thousands digit of 2558?
2
What is the units digit of 6753?
3
What is the units digit of 3163?
3
What is the thousands digit of 38368?
8
What is the thousands digit of 5226?
5
What is the units digit of 880?
0
What is the units digit of 2866?
6
What is the hundreds digit of 4398?
3
What is the tens digit of 1102?
0
What is the thousands digit of 6472?
6
What is the units digit of 31922?
2
What is the units digit of 297?
7
What is the ten thousands digit of 12551?
1
What is the units digit of 8046?
6
What is the thousands digit of 1753?
1
What is the tens digit of 773?
7
What is the tens digit of 57259?
5
What is the tens digit of 2229?
2
What is the units digit of 32992?
2
What is the hundreds digit of 2267?
2
What is the thousands digit of 5396?
5
What is the units digit of 2241?
1
What is the units digit of 608?
8
What is the units digit of 794?
4
What is the units digit of 13451?
1
What is the hundreds digit of 1011?
0
What is the units digit of 6651?
1
What is the ten thousands digit of 10440?
1
What is the units digit of 28909?
9
What is the hundreds digit of 89648?
6
What is the units digit of 132033?
3
What is the tens digit of 1110?
1
What is the hundreds digit of 1096?
0
What is the tens digit of 1630?
3
What is the hundreds digit of 196?
1
What is the tens digit of 161?
6
What is the hundreds digit of 124479?
4
What is the hundreds digit of 82815?
8
What is the thousands digit of 73152?
3
What is the units digit of 1203?
3
What is the thousands digit of 162330?
2
What is the tens digit of 41340?
4
What is the hundreds digit of 11662?
6
What is the units digit of 2955?
5
What is the thousands digit of 39971?
9
What is the ten thousands digit of 17619?
1
What is the units digit of 3131?
1
What is the hundreds digit of 2696?
6
What is the units digit of 435?
5
What is the units digit of 114?
4
What is the thousands digit of 2168?
2
What is the hundreds digit of 163914?
9
What is the hundreds digit of 3007?
0
What is the thousands digit of 3721?
3
What is the tens digit of 84?
8
What is the ten thousands digit of 34253?
3
What is the hundreds digit of 11380?
3
What is the thousands digit of 1024?
1
What is the units digit of 7181?
1
What is the tens digit of 2925?
2
What is the tens digit of 17559?
5
What is the ten thousands digit of 12021?
1
What is the thousands digit of 12656?
2
What is the hundreds digit of 8337?
3
What is the tens digit of 775?
7
What is the units digit of 10003?
3
What is the hundreds digit of 6884?
8
What is the tens digit of 21?
2
What is the hundreds digit of 815?
8
What is the units digit of 1304?
4
What is the tens digit of 89605?
0
What is the units digit of 3345?
5
What is the tens digit of 5042?
4
What is the hundreds digit of 28512?
5
What is the units digit of 4384?
4
What is the units digit of 3776?
6
What is the thousands digit of 39453?
9
What is the hundreds digit of 249?
2
What is the tens digit of 2616?
1
What is the hundreds digit of 3401?
4
What is the hundreds digit of 4178?
1
What is the hundreds digit of 40805?
8
What is the tens digit of 198?
9
What is the tens digit of 816?
1
What is the thousands digit of 32213?
2
What is the thousands digit of 2162?
2
What is the ten thousands digit of 24030?
2
What is the units digit of 39818?
8
What is the units digit of 1798?
8
What is the thousands digit of 27354?
7
What is the hundreds digit of 6374?
3
What is the hundreds digit of 757?
7
What is the thousands digit of 6297?
6
What is the thousands digit of 10153?
0
What is the hundreds digit of 7081?
0
What is the tens digit of 15676?
7
What is the hundreds digit of 573?
5
What is the tens digit of 38219?
1
What is the tens digit of 566?
6
What is the hundreds digit of 2099?
0
What is the units digit of 14335?
5
What is the units digit of 32276?
6
What is the hundreds digit of 491?
4
What is the tens digit of 295?
9
What is the units digit of 374?
4
What is the units digit of 10709?
9
What is the thousands digit of 34406?
4
What is the units digit of 14672?
2
What is the thousands digit of 5787?
5
What is the thousands digit of 2255?
2
What is the hundreds digit of 113518?
5
What is the hundreds digit of 1027?
0
What is the units digit of 5036?
6
What is the thousands digit of 24376?
4
What is the hundreds digit of 1035?
0
What is the units digit of 19096?
6
What is the ten thousands digit of 32135?
3
What is the thousands digit of 3117?
3
What is the hundreds digit of 2208?
2
What is the hundreds digit of 25735?
7
What is the units digit of 1457?
7
What is the tens digit of 928?
2
What is the thousands digit of 32724?
2
What is the hundreds digit of 119306?
3
What is the units digit of 12128?
8
What is the hundreds digit of 5743?
7
What is the thousands digit of 2164?
2
What is the tens digit of 18744?
4
What is the thousands digit of 8295?
8
What is the units digit of 3011?
1
What is the units digit of 11596?
6
What is the units digit of 3029?
9
What is the thousands digit of 14495?
4
What is the hundreds digit of 14437?
4
What is the thousands digit of 58123?
8
What is the tens digit of 17330?
3
What is the units digit of 8971?
1
What is the hundreds digit of 201?
2
What is the hundreds digit of 37947?
9
What is the thousands digit of 1316?
1
What is the units digit of 8809?
9
What is the units digit of 1267?
7
What is the units digit of 288?
8
What is the units digit of 789?
9
What is the tens digit of 6199?
9
What is the thousands digit of 1318?
1
What is the hundreds digit of 1267?
2
What is the ten thousands digit of 22970?
2
What is the ten thousands digit of 77346?
7
What is the units digit of 655?
5
What is the thousands digit of 8075?
8
What is the ten thousands digit of 19246?
1
What is the ten thousands digit of 15395?
1
What is the units digit of 18334?
4
What is the thousands digit of 1766?
1
What is the thousands digit of 16070?
6
What is the thousands digit of 25820?
5
What is the hundreds digit of 6966?
9
What is the units digit of 285?
5
What is the hundreds digit of 7128?
1
What is the ten thousands digit of 58818?
5
What is the units digit of 2564?
4
What is the units digit of 794?
4
What is the tens digit of 43621?
2
What is the ten thousands digit of 40680?
4
What is the units digit of 422?
2
What is the units digit of 19?
9
What is the ten thousands digit of 22755?
2
What is the tens digit of 2323?
2
What is the hundreds digit of 498?
4
What is the hundreds digit of 2642?
6
What is the hundreds digit of 2133?
1
What is the tens digit of 22202?
0
What is the thousands digit of 2924?
2
What is the tens digit of 63008?
0
What is the tens digit of 527?
2
What is the tens digit of 510?
1
What is the hundreds digit of 19601?
6
What is the hundreds digit of 168?
1
What is the units digit of 209?
9
What is the hundreds digit of 5560?
5
What is the ten thousands digit of 33045?
3
What is the thousands digit of 2573?
2
What is the tens digit of 143?
4
What is the hundreds digit of 851?
8
What is the units digit of 9955?
5
What is the hundreds digit of 14185?
1
What is the hundreds digit of 5627?
6
What is the units digit of 1944?
4
What is the hundreds digit of 1067?
0
What is the hundreds digit of 47281?
2
What is the thous